j(b). Give t(4).
10
Suppose -5*g - 3*r = -15 - 15, 0 = 3*g + r - 14. Let i(s) = -3 + 5 - s - 1 + s**2. What is i(g)?
7
Let x(y) = 2*y**2 - 9 - 8*y**2 + 7*y + 11*y**2 - y**3. What is x(6)?
-3
Let k(v) be the first derivative of v**4/4 - v**3 - 5*v**2/2 + 4*v - 20. Give k(3).
-11
Let p(w) = w + 2. Let h(q) = q**3 - 7*q**2 + 6*q - 6. Let d be h(6). Let c be (4 - -2)*4/d. What is p(c)?
-2
Let k(g) = -g**3 - 5*g**2 - 5*g + 1. Let r be k(-4). Suppose -r*v = y - 29, -3*y - v - 7 = -6*y. Let w(f) = f - 8. Calculate w(y).
-4
Let c(i) = i**3 - 8*i**2 + i - 11. Let o be c(8). Let w(y) = -y**2 - 2*y - 2. Calculate w(o).
-5
Let s(p) = p**3 + 7*p**2 + 8*p. Let v = 31 + -37. What is s(v)?
-12
Let h(k) = -6 + 7 - 6*k + 0. What is h(-2)?
13
Let w = -3 - -4. Let j(m) = -93*m**3 + 0*m - 2*m + 83*m**3 + 1. Give j(w).
-11
Let q(r) = 6*r - 1. Let o(u) = 5*u - 1. Let v = 3 + -3. Suppose v = -a + 4*h, a - 6*a = 2*h + 22. Let b(s) = a*q(s) + 5*o(s). What is b(-2)?
-3
Let y be (1 + 0)/((-2)/8). Let q(m) = m**3 + 2*m**2 + 11*m + 10. Let x(r) = -r**3 - r**2 - 12*r - 11. Let f(t) = -5*q(t) - 4*x(t). What is f(y)?
-10
Let u(q) = -q - 11. Let f = -5 + 15. Suppose 0*a = -2*a - f. Determine u(a).
-6
Let p be (0 + -1)*(4 + 4 + -1). Let s(m) = m**3 + 8*m**2 + 5*m - 10. Determine s(p).
4
Let x be (3 + (-57)/12)*(-10)/7. Let g(o) be the first derivative of -o + o**3 - 1/4*o**4 - 3 + x*o**2. Calculate g(4).
3
Let f(y) = -y - 3. Let x(h) = -h - 4. Let d(z) = 7*f(z) - 5*x(z). Give d(6).
-13
Let o = -10 + -30. Let r be (o/(-12))/(2/3). Suppose 25 = -r*y - c, 0 = y + 3*c + 9 + 10. Let k(q) = -q**2 - 4*q - 6. Calculate k(y).
-6
Suppose -7 + 42 = -5*o. Let f(h) = -h**3 - 6*h**2 + 6*h - 8. Determine f(o).
-1
Let l(k) = -k**2 - 3*k - 1. Let f(b) = b**3 - 6*b**2 + 5*b - 2. Let h be f(5). What is l(h)?
1
Let y = 9 - 5. Let f = -2 + y. Let i(q) = 3*q**2 - 2*q**f - 2*q**2 - 4*q - 5. What is i(-4)?
-5
Let h(r) = -6*r**2 - 5*r + 5. Let x(u) = 3*u + 20. Let v be x(-8). Let g(w) = 5*w**2 + 4*w - 4. Let q(m) = v*h(m) - 5*g(m). Calculate q(-2).
-4
Suppose 3*b + 2 = -7. Let c(u) be the first derivative of -u**4/4 - 2*u**3/3 + 2*u**2 + 2*u + 67. Give c(b).
-1
Let s(j) = 3*j**3 - j**2 + 1. Suppose 2*f + 7 = z - 0*f, -4*z = -f - 14. Suppose -2 = -z*v + 4. Let c be v/(-7) + (-5)/7. Determine s(c).
-3
Let o(l) = -l - 1. Let u = -3 + -1. Let n(j) = j**3 + 3*j**2 - 11*j - 10. Let s(y) = u*o(y) + n(y). Give s(-4).
6
Let w(d) = -d + 1. Let u(h) = 3*h - 2. Let j(k) = -u(k) - 2*w(k). Let i(o) = 16*o - 4. Let a(p) = i(p) + 12*j(p). What is a(4)?
12
Let j(o) = -o + 6. Let t be j(6). Let n(l) = 13 - 5*l + l - l**2 - 7*l + 10*l. What is n(t)?
13
Suppose 0 = 5*s + 4*w - 51, -s - 5*w = -0*w - 27. Let q(y) = 3 - 5*y**2 + y + s*y + 6 - y**3 - 4. Give q(-6).
-7
Let b(s) be the second derivative of s**8/6720 + s**7/840 + s**6/720 + s**5/120 + s**4/2 + s. Let j(x) be the third derivative of b(x). What is j(-3)?
-2
Let k(r) = r - r**3 + 2*r**3 - 3*r + 2*r**2. Let h(f) = -2*f**3 - 4*f + 4. Let j be h(1). Calculate k(j).
4
Let i(h) = -h - 4. Let j be i(-6). Let t be -2 - -6 - 4/j. Let p(z) = 2*z**t - 3*z**3 - z**2 - 2*z**2 + z + 4*z**3. Determine p(1).
1
Suppose 5*m + 5*l + 15 = 0, -3*l = m - 5*m + 16. Let j(a) = 8*a**2 + 5. Let k(c) = 8*c**2 + 4. Let o(w) = 4*j(w) - 5*k(w). Determine o(m).
-8
Let z(f) = 6*f**3 - 2*f**2 + 2*f - 1. Let g(a) = 3*a**2 + 13*a - 11. Let q(i) = i**2 + 6*i - 5. Let c(r) = -2*g(r) + 5*q(r). Let u be c(2). Calculate z(u).
5
Let b = -19 + 21. Let f(x) = 10*x - 3. Let l(t) = 5*t - 1. Let w(o) = b*f(o) - 5*l(o). Calculate w(-1).
4
Let o(k) = k**3 - 6*k**2 + 2*k + 5. Suppose 0 = -0*t + t + 6. Let c = t - -11. Calculate o(c).
-10
Let q(m) = m - 5. Let f be q(10). Let g(r) = -r**2 + 9*r - r + f - 4*r. What is g(5)?
0
Let t(y) = -y**2 - y - 1. Let q be 4/(-12) - (-19)/3. Let c = -5 + q. Let z(v) = -v**3 - v**2 + 4*v - 1. Let g(x) = c*z(x) + 4*t(x). Calculate g(-5).
-5
Let b(f) = 0 - 4 - f - 2 + 0. Calculate b(-3).
-3
Let t(q) = -q**3 + 2*q**2 + 2*q - 2. Let p be t(3). Let z be (-22)/(-3) + p/15. Let v = -10 + z. Let m(o) = -2*o - 2. Give m(v).
4
Let h be (-19)/(-2 + 3) - 0. Let c = h - -27. Let r(s) = -5*s - 3. Let w(l) = -15*l - 8. Let m(p) = c*r(p) - 3*w(p). Calculate m(-1).
-5
Let d(x) = 2*x**2 + 15*x + 4. Let b be d(-7). Let w(i) = i. Give w(b).
-3
Let o(z) = z + 8. Let k(i) = -6*i**2 - 2*i - 1. Suppose -12 = -2*s - s. Suppose 2*d - 2 = s*d. Let f be k(d). Give o(f).
3
Let s be 0 + (1 - -3 - 4). Let j(i) be the third derivative of i**4/24 - i**2. Calculate j(s).
0
Let b(c) be the second derivative of -c**5/20 - c**4/12 - c**3/2 - c**2 - 8*c. Determine b(-2).
8
Let h(u) = u**3 - u**2 - 7. Let a(c) = c**3 - 3*c**2 + 2*c - 3. Let t be a(2). Let b be -2 - 6/t*1. What is h(b)?
-7
Let s(f) = -4*f + 1. Suppose -3*a = -6*a. Suppose a = -5*v - 2 - 3. Determine s(v).
5
Let t(s) = -s**2 + 11*s + 2. Let a be t(11). Let z(p) = a + 5 - 10*p**2 - 6. Give z(-1).
-9
Let p(u) = 2*u - 13. Let k(x) = x - 6. Let m(s) = -13*k(s) + 6*p(s). Suppose 2*r = -2*r - 12. Give m(r).
3
Let v be -2 - ((-6)/2 - -1). Let c(z) = -2*z + z**3 + 0*z**3 + v*z**3 - 1. Let a(s) = -s**2 - 8*s - 1. Let b be a(-8). Calculate c(b).
0
Let o(w) = 2*w**3 - w**2 + w. Let f be ((-1)/(-2))/(2/4). Calculate o(f).
2
Let z(n) = 5*n + 6 - 2*n + 2*n + 1 - n**2. Calculate z(5).
7
Suppose 0 = -j - 0*q + 2*q - 7, -4*j - 20 = -4*q. Let o(f) = -f**3 - 3*f**2 - 3*f - 4. Determine o(j).
5
Suppose -9*x = -5*x + g + 18, 0 = 3*g - 6. Let h(q) = 5*q + 1 - 4*q - 2*q. Determine h(x).
6
Let h(y) = y**2 - 6*y + 2. Let q be 3 - (0 + -1 + -1). Determine h(q).
-3
Let f(i) = -3*i**3 - 2*i**2. Let k(s) be the second derivative of -s**5/10 - s**4/4 + s**3/6 - 8*s. Let a(v) = -3*f(v) + 4*k(v). Let p = -6 + 11. What is a(p)?
-5
Let s(r) be the first derivative of -r**4/4 + 5*r**3/3 - r**2/2 + 6*r - 8. Let z = 1 + -3. Let k = z - -7. Give s(k).
1
Let o = 16 - 15. Let q(r) = 6*r**2. Determine q(o).
6
Let k(s) = -s**2 + 8*s - 7. Suppose 2*i - 19 + 5 = 0. Calculate k(i).
0
Let g(d) = -d**2 + 3*d - 2. Let n(b) = -b**2 - 9*b + 8. Let q be n(-10). Let m(w) = 2*w**2 - 2*w + 1. Let a(c) = q*g(c) - 3*m(c). Give a(-1).
-3
Let p be 4/4 - (-1 - 0). Let s(q) = 0*q**p + 5*q - 3*q - 1 - q**2. Let v = -27 - -29. Calculate s(v).
-1
Let a be 3/(9/(-48)*-2). Let w be (-20)/a + (-1)/2. Let s(q) = 3*q + 1. Give s(w).
-8
Let f(z) be the first derivative of 2*z**2 + 2*z - 3. Give f(4).
18
Let u(f) = -1 + 1 + 5 - f. Let v = 6 - -1. Let r be (-2)/v + 115/35. Give u(r).
2
Suppose 2*n + 8*w - 13*w = 11, -2*n + 2*w - 4 = 0. Let p(i) = 1 + 2*i - i + 3. What is p(n)?
-3
Suppose -7*g + 4*k + 24 = -3*g, 0 = -4*k. Let v = g + -5. Let o(s) = -4*s**3 + s**2 - s. Calculate o(v).
-4
Suppose 2*g + 4 = g. Let s(k) = -k**2 - 5*k - 2. Calculate s(g).
2
Suppose -2*g - 5*i = 14, 2*g + i - 4*i - 18 = 0. Let u(r) be the third derivative of -r**2 - 1/24*r**4 - 2/3*r**g + 0*r + 0. Calculate u(0).
-4
Let o(u) = u**2 - 3*u - 4. Let f = 5 + -2. Calculate o(f).
-4
Let k = -4 - -9. Let m(f) = -2*f + 6. Calculate m(k).
-4
Let q(p) = -2*p - p + 2*p - 4*p - 1 - p**2. Calculate q(-5).
-1
Let x(u) be the second derivative of -u**4/12 + u**3/3 + u**2 + u. Let w be (4/(-3))/((-2 - -6)/(-12)). What is x(w)?
-6
Let o(v) = -3 + 109*v + 4 - 112*v + 2 + v**2. Let a = 1 + 3. Let p be 8/12*18/a. Determine o(p).
3
Suppose 4*x + 80 = 3*z, 3*z - z + 4*x - 20 = 0. Suppose -2*r + 6 = z. Let f = -11 - r. Let q(k) = 2*k + 3. Give q(f).
-5
Let k(p) = p**2 + 6*p - 4. Suppose 15 = -5*w - 3*y, 2*w + 7 = 5*y - 6*y. Determine k(w).
-4
Let y(a) be the third derivative of a**6/120 + a**5/10 - 3*a**4/8 - 5*a**3/3 - 9*a**2. What is y(-7)?
4
Let s be 2/12 + (-856)/(-48). Suppose 0 = 4*a + 5*j + 24, -2*a - s = -0*j + 4*j. Let h(k) = -14*k**3 - k - 1. Determine h(a).
14
Let a(p) be the third derivative of p**5/60 + p**4/12 + 2*p**3/3 - p**2. Let z be 25/(-35) - -1 - 23/7. Give a(z).
7
Let h = 12 + -18. Let w(a) = a**3 + 5*a**2 - 7*a - 3. Calculate w(h).
3
Let l(o) = o + 12. Let v be l(-10). Let x(t) = -3 - 1 + 0 + 0 + v*t. What is x(4)?
4
Let i(r) = -2*r**3 + 2*r**2 - 2*r + 1. Let p(a) = -a. Let k be p(-2). Calculate i(k).
-11
Let y = 35 + -22. Let s = 9 - y. Let m(f) = f + 3. Calculate m(s).
-1
Let w(i) = -33 - 3*i + i**2 + 5*i + 30 + 4*i. Determine w(-4).
-11